{"id":344,"date":"2025-12-02T16:52:44","date_gmt":"2025-12-02T15:52:44","guid":{"rendered":"http:\/\/www.toscagiunco.com\/?page_id=344"},"modified":"2025-12-04T17:30:04","modified_gmt":"2025-12-04T16:30:04","slug":"home","status":"publish","type":"page","link":"http:\/\/www.toscagiunco.com\/","title":{"rendered":"Home"},"content":{"rendered":"\n<div class=\"wp-block-columns is-layout-flex wp-container-core-columns-is-layout-28f84493 wp-block-columns-is-layout-flex\">\n<div class=\"wp-block-column is-layout-flow wp-block-column-is-layout-flow\" style=\"flex-basis:100%\">\n<div class=\"wp-block-cover alignfull is-light\" style=\"min-height:714px;aspect-ratio:unset;\"><img loading=\"lazy\" decoding=\"async\" width=\"1024\" height=\"768\" class=\"wp-block-cover__image-background wp-image-5 size-full\" alt=\"\" src=\"http:\/\/www.toscagiunco.com\/wp-content\/uploads\/2016\/04\/falegnameria-fai-da-te.jpg\" style=\"object-position:50% 50%\" data-object-fit=\"cover\" data-object-position=\"50% 50%\" srcset=\"http:\/\/www.toscagiunco.com\/wp-content\/uploads\/2016\/04\/falegnameria-fai-da-te.jpg 1024w, http:\/\/www.toscagiunco.com\/wp-content\/uploads\/2016\/04\/falegnameria-fai-da-te-300x225.jpg 300w, http:\/\/www.toscagiunco.com\/wp-content\/uploads\/2016\/04\/falegnameria-fai-da-te-768x576.jpg 768w\" sizes=\"auto, (max-width: 1024px) 100vw, 1024px\" \/><span aria-hidden=\"true\" class=\"wp-block-cover__background has-background-dim\" style=\"background-color:#b78754\"><\/span><div class=\"wp-block-cover__inner-container is-layout-constrained wp-container-core-cover-is-layout-db9edeb8 wp-block-cover-is-layout-constrained\">\n<p class=\"has-text-align-center has-ast-global-color-4-color has-text-color has-link-color wp-elements-90778db7c5689e89a4d21bd8da1f14f3\" style=\"font-size:3em\"><strong>FALEGNAMERIA TOSCA GIUNCO<\/strong><\/p>\n\n\n\n<div class=\"wp-block-buttons alignfull is-content-justification-center is-layout-flex wp-container-core-buttons-is-layout-a89b3969 wp-block-buttons-is-layout-flex\">\n<div class=\"wp-block-button\"><a class=\"wp-block-button__link has-ast-global-color-4-color has-text-color has-background has-link-color has-text-align-center wp-element-button\" href=\"#chi-siamo\" style=\"background-color:#f36666\">Chi siamo<\/a><\/div>\n\n\n\n<div class=\"wp-block-button\"><a class=\"wp-block-button__link has-ast-global-color-4-color has-vivid-green-cyan-background-color has-text-color has-background has-link-color has-text-align-center wp-element-button\" href=\"#proposte\">Le proposte<\/a><\/div>\n<\/div>\n<\/div><\/div>\n<\/div>\n<\/div>\n\n\n\n<h1 class=\"wp-block-heading has-text-align-center\" id=\"proposte\" style=\"font-size:2.5em\"><strong>LE PROPOSTE<\/strong><\/h1>\n\n\n\n<h4 class=\"wp-block-heading has-text-align-center\">Ci\u00f2 che rende unico il nostro lavoro<\/h4>\n\n\n\n<div class=\"wp-block-columns is-layout-flex wp-container-core-columns-is-layout-28f84493 wp-block-columns-is-layout-flex\">\n<div class=\"wp-block-column is-layout-flow wp-block-column-is-layout-flow\">\n<div class=\"wp-block-columns is-layout-flex wp-container-core-columns-is-layout-28f84493 wp-block-columns-is-layout-flex\">\n<div class=\"wp-block-column is-layout-flow wp-block-column-is-layout-flow\"><\/div>\n\n\n\n<div class=\"wp-block-column is-layout-flow wp-block-column-is-layout-flow\">\n<figure class=\"wp-block-image aligncenter size-full\"><a href=\"http:\/\/www.toscagiunco.com\/index.php\/cucine\/\"><img loading=\"lazy\" decoding=\"async\" width=\"156\" height=\"152\" src=\"http:\/\/www.toscagiunco.com\/wp-content\/uploads\/2025\/12\/1a.jpg\" alt=\"\" class=\"wp-image-363\"\/><\/a><figcaption class=\"wp-element-caption\"><strong>CUCINE<\/strong><\/figcaption><\/figure>\n<\/div>\n\n\n\n<div class=\"wp-block-column is-layout-flow wp-block-column-is-layout-flow\">\n<figure class=\"wp-block-image aligncenter size-full\"><a href=\"http:\/\/www.toscagiunco.com\/index.php\/armadi\/\"><img loading=\"lazy\" decoding=\"async\" width=\"156\" height=\"152\" src=\"http:\/\/www.toscagiunco.com\/wp-content\/uploads\/2025\/12\/2a.jpg\" alt=\"\" class=\"wp-image-364\"\/><\/a><figcaption class=\"wp-element-caption\"><strong>ARMADI<\/strong><\/figcaption><\/figure>\n<\/div>\n<\/div>\n<\/div>\n\n\n\n<div class=\"wp-block-column is-layout-flow wp-block-column-is-layout-flow\">\n<div class=\"wp-block-columns is-layout-flex wp-container-core-columns-is-layout-28f84493 wp-block-columns-is-layout-flex\">\n<div class=\"wp-block-column is-layout-flow wp-block-column-is-layout-flow\">\n<figure class=\"wp-block-image aligncenter size-full\"><a href=\"http:\/\/www.toscagiunco.com\/index.php\/mobili-su-misura\/\"><img loading=\"lazy\" decoding=\"async\" width=\"156\" height=\"152\" src=\"http:\/\/www.toscagiunco.com\/wp-content\/uploads\/2025\/12\/3a.jpg\" alt=\"\" class=\"wp-image-365\"\/><\/a><figcaption class=\"wp-element-caption\"><strong>MOBILI SU MISURA<\/strong><\/figcaption><\/figure>\n<\/div>\n\n\n\n<div class=\"wp-block-column is-layout-flow wp-block-column-is-layout-flow\">\n<figure class=\"wp-block-image aligncenter size-full\"><a href=\"http:\/\/www.toscagiunco.com\/index.php\/porte-e-finestre\/\"><img loading=\"lazy\" decoding=\"async\" width=\"156\" height=\"152\" src=\"http:\/\/www.toscagiunco.com\/wp-content\/uploads\/2025\/12\/4a.jpg\" alt=\"\" class=\"wp-image-366\"\/><\/a><figcaption class=\"wp-element-caption\"><strong>PORTE E FINESTRE<\/strong><\/figcaption><\/figure>\n<\/div>\n\n\n\n<div class=\"wp-block-column is-layout-flow wp-block-column-is-layout-flow\"><\/div>\n<\/div>\n<\/div>\n<\/div>\n\n\n\n<h2 class=\"wp-block-heading has-text-align-center\" id=\"chi-siamo\" style=\"font-size:2.5em\"><strong>CHI SIAMO<\/strong><\/h2>\n\n\n\n<h4 class=\"wp-block-heading has-text-align-center has-medium-font-size\">dalle origini a oggi<\/h4>\n\n\n\n<h6 class=\"wp-block-heading has-text-align-center has-medium-font-size\" style=\"border-top-color:var(--wp--preset--color--ast-global-color-4);border-top-width:35px;border-right-color:var(--wp--preset--color--ast-global-color-4);border-right-width:74px;border-bottom-style:none;border-bottom-width:0px;border-left-color:var(--wp--preset--color--ast-global-color-4);border-left-width:74px\">Il sogno di Vincenzo e Tosca<\/h6>\n\n\n\n<p class=\"has-text-align-center has-medium-font-size\" style=\"border-top-style:none;border-top-width:0px;border-right-color:var(--wp--preset--color--ast-global-color-4);border-right-width:35%;border-bottom-color:var(--wp--preset--color--ast-global-color-4);border-bottom-width:75px;border-left-color:var(--wp--preset--color--ast-global-color-4);border-left-width:35%\">La Falegnameria Tosca Giunco nasce nel 1979, \u00e8 in quell&#8217;anno che Vincenzo e la moglie Tosca aprono il loro laboratorio artigianale. In quei giorni, con pochi macchinari e molta passione, ci si dedica alla lavorazione del giunco e del bambu&#8217;. I figli Alberto e Filippo ereditano sia l&#8217; azienda che la passione per il legno ed espandono la lavorazione dal mobile in giunco e bambu&#8217; , al mobile classico ed a quello moderno. Nel corso degli anni si sono specializzati nella ristrutturazione e vendita di porte da interno e da esterno, di finestre e di persiane. Rinnovandosi, aggiornando i macchinari, sono diventati esperti nella realizzazione di cucine e in quella di mobili personalizzati, cercando di rispettare al meglio le esigenze dei clienti. Entrambi i soci mostrano una particolare attenzione verso il rispetto dell&#8217; ambiente orientando il loro interesse verso materiali di recupero, soprattutto per la realizzazione dell&#8217;arredamento per negozi, riuscendo, con esperienza ed amore per il proprio lavoro, a dare nuova vita a materiali di scarto in legno . Un altro punto di forza \u00e8 la disponibilit\u00e0 nella realizzazione di disegni e preventivi, dedicandosi, cos\u00ec, alla completa soddifazione del cliente .<\/p>\n\n\n\n<h1 class=\"wp-block-heading has-text-align-center\" id=\"testimonianze\" style=\"font-size:2.5em\"><strong>TESTIMONIANZE<\/strong><\/h1>\n\n\n\n<p class=\"has-text-align-center has-medium-font-size\">Realizzazioni su misura<\/p>\n\n\n\n<div class=\"wp-block-columns has-background is-layout-flex wp-container-core-columns-is-layout-28f84493 wp-block-columns-is-layout-flex\" style=\"background-color:#000000cc\">\n<div class=\"wp-block-column is-layout-constrained wp-container-core-column-is-layout-7a3688e9 wp-block-column-is-layout-constrained\">\n<p class=\"has-text-align-center has-ast-global-color-4-color has-text-color has-link-color wp-elements-4508d3a887f25bb95dc7deade8e9dd29\"><img decoding=\"async\" src=\"http:\/\/www.toscagiunco.com\/wp-content\/uploads\/2016\/04\/custom6.jpg\"><br><br>Armadio stile inglese laccato colore avorio , posto in un ingresso.<br>Qui c&#8217;era la necessit\u00e0 di usare uno spazio per renderlo contenitivo ma non ingombrante.<br>L&#8217;armadio occupa tutto lo spazio , arrivando perfettamente da muro a muro, il su misura permette infatti<br>di usufruire anche del cm in pi\u00f9.<br>In pi\u00f9 il colore chiaro laccato con i faretti al soffitto da molta luminosit\u00e0 all&#8217;ingresso.<br>Il cliente \u00e8 stato molto contento del lavoro realizzato.<\/p>\n\n\n\n<p class=\"has-text-align-center has-ast-global-color-4-color has-text-color has-link-color wp-elements-a42ea99a4bdcd8a1e08b104b64847ece\">Alberto Fabozzi<\/p>\n<\/div>\n\n\n\n<div class=\"wp-block-column is-layout-constrained wp-container-core-column-is-layout-7a3688e9 wp-block-column-is-layout-constrained\">\n<p class=\"has-ast-global-color-4-color has-text-color has-link-color wp-elements-50258c8c1fb0d4e40a747833a7bfee52\"><img decoding=\"async\" src=\"http:\/\/www.toscagiunco.com\/wp-content\/uploads\/2016\/04\/custom4.jpg\"><br><br>Armadiatura su misura con scrivania laccata colore bianco, posta sotto una scala con ripiani e sportelli.<br>Il cliente aveva necessit\u00e0 di un angolo scrivania che fosse anche contenitivo e soprattutto che fosse in<br>armonia con il resto dell&#8217;arredamento. L&#8217;armadiatura essendo sotto una scala \u00e8 anche servita per occupare<br>uno spazio che nelle case molte volte \u00e8 poco utilizzato.<br>Il cliente \u00e8 rimasto molto soddisfatto , prima del&#8217;l idea e, successivamente, del risultato finale<\/p>\n\n\n\n<p class=\"has-text-align-center has-ast-global-color-4-color has-text-color has-link-color wp-elements-ac5029a4a1e36f5aa907d18439ae7e9a\">Filippo Fabozzi<\/p>\n<\/div>\n\n\n\n<div class=\"wp-block-column is-layout-constrained wp-block-column-is-layout-constrained\">\n<p class=\"has-ast-global-color-4-color has-text-color has-link-color wp-elements-1f0d20aae211e82049d04e335d34b968\"><img decoding=\"async\" src=\"http:\/\/www.toscagiunco.com\/wp-content\/uploads\/2016\/04\/custom2-2.jpg\"><br><br>Parete attrezzata per TV , laccata lucida , per questo mobile avevamo una parete a disposizione e abbiamo deciso insieme<br>al cliente di rendere il mobile particolare ,oltre che funzionale, dando l&#8217;idea di un incastro geometrico tra i due elementi ,la base a terra<br>e l&#8217;elemento alla parete.<br>Il cliente \u00e8 stato molto felice del risultato finale e noi con lui.<\/p>\n\n\n\n<p class=\"has-text-align-center has-ast-global-color-4-color has-text-color has-link-color wp-elements-ac5029a4a1e36f5aa907d18439ae7e9a\">Filippo Fabozzi<\/p>\n<\/div>\n<\/div>\n\n\n\n<h1 class=\"wp-block-heading has-text-align-center\" style=\"font-size:43px\"><strong>ALCUNI NOSTRI LAVORI<\/strong><\/h1>\n\n\n<ul class=\"wp-block-latest-posts__list is-grid columns-5 aligncenter wp-block-latest-posts\"><li><div class=\"wp-block-latest-posts__featured-image\"><img loading=\"lazy\" decoding=\"async\" width=\"150\" height=\"150\" src=\"http:\/\/www.toscagiunco.com\/wp-content\/uploads\/2023\/04\/mobiletv1-150x150.jpg\" class=\"attachment-thumbnail size-thumbnail wp-post-image\" alt=\"\" style=\"\" srcset=\"http:\/\/www.toscagiunco.com\/wp-content\/uploads\/2023\/04\/mobiletv1-150x150.jpg 150w, http:\/\/www.toscagiunco.com\/wp-content\/uploads\/2023\/04\/mobiletv1-250x250.jpg 250w, http:\/\/www.toscagiunco.com\/wp-content\/uploads\/2023\/04\/mobiletv1-174x174.jpg 174w\" sizes=\"auto, (max-width: 150px) 100vw, 150px\" \/><\/div><a class=\"wp-block-latest-posts__post-title\" href=\"http:\/\/www.toscagiunco.com\/index.php\/2023\/04\/21\/mobile-tv\/\">Mobile TV<\/a><\/li>\n<li><div class=\"wp-block-latest-posts__featured-image\"><img loading=\"lazy\" decoding=\"async\" width=\"150\" height=\"150\" src=\"http:\/\/www.toscagiunco.com\/wp-content\/uploads\/2023\/04\/parete-150x150.jpg\" class=\"attachment-thumbnail size-thumbnail wp-post-image\" alt=\"\" style=\"\" srcset=\"http:\/\/www.toscagiunco.com\/wp-content\/uploads\/2023\/04\/parete-150x150.jpg 150w, http:\/\/www.toscagiunco.com\/wp-content\/uploads\/2023\/04\/parete-250x250.jpg 250w, http:\/\/www.toscagiunco.com\/wp-content\/uploads\/2023\/04\/parete-174x174.jpg 174w\" sizes=\"auto, (max-width: 150px) 100vw, 150px\" \/><\/div><a class=\"wp-block-latest-posts__post-title\" href=\"http:\/\/www.toscagiunco.com\/index.php\/2023\/04\/21\/libreria-su-misura\/\">Libreria su misura<\/a><\/li>\n<li><div class=\"wp-block-latest-posts__featured-image\"><img loading=\"lazy\" decoding=\"async\" width=\"150\" height=\"150\" src=\"http:\/\/www.toscagiunco.com\/wp-content\/uploads\/2016\/04\/custom2-2-150x150.jpg\" class=\"attachment-thumbnail size-thumbnail wp-post-image\" alt=\"\" style=\"\" srcset=\"http:\/\/www.toscagiunco.com\/wp-content\/uploads\/2016\/04\/custom2-2-150x150.jpg 150w, http:\/\/www.toscagiunco.com\/wp-content\/uploads\/2016\/04\/custom2-2-250x250.jpg 250w, http:\/\/www.toscagiunco.com\/wp-content\/uploads\/2016\/04\/custom2-2-174x174.jpg 174w\" sizes=\"auto, (max-width: 150px) 100vw, 150px\" \/><\/div><a class=\"wp-block-latest-posts__post-title\" href=\"http:\/\/www.toscagiunco.com\/index.php\/2016\/05\/09\/84\/\">Soggiorno<\/a><\/li>\n<li><div class=\"wp-block-latest-posts__featured-image\"><img loading=\"lazy\" decoding=\"async\" width=\"150\" height=\"150\" src=\"http:\/\/www.toscagiunco.com\/wp-content\/uploads\/2016\/04\/scaffalatura-sotto-scala-150x150.jpg\" class=\"attachment-thumbnail size-thumbnail wp-post-image\" alt=\"\" style=\"\" srcset=\"http:\/\/www.toscagiunco.com\/wp-content\/uploads\/2016\/04\/scaffalatura-sotto-scala-150x150.jpg 150w, http:\/\/www.toscagiunco.com\/wp-content\/uploads\/2016\/04\/scaffalatura-sotto-scala-250x250.jpg 250w, http:\/\/www.toscagiunco.com\/wp-content\/uploads\/2016\/04\/scaffalatura-sotto-scala-174x174.jpg 174w\" sizes=\"auto, (max-width: 150px) 100vw, 150px\" \/><\/div><a class=\"wp-block-latest-posts__post-title\" href=\"http:\/\/www.toscagiunco.com\/index.php\/2016\/05\/09\/82\/\">Scaffalatura<\/a><\/li>\n<li><div class=\"wp-block-latest-posts__featured-image\"><img loading=\"lazy\" decoding=\"async\" width=\"150\" height=\"150\" src=\"http:\/\/www.toscagiunco.com\/wp-content\/uploads\/2016\/04\/custom3-150x150.jpg\" class=\"attachment-thumbnail size-thumbnail wp-post-image\" alt=\"\" style=\"\" srcset=\"http:\/\/www.toscagiunco.com\/wp-content\/uploads\/2016\/04\/custom3-150x150.jpg 150w, http:\/\/www.toscagiunco.com\/wp-content\/uploads\/2016\/04\/custom3-250x250.jpg 250w, http:\/\/www.toscagiunco.com\/wp-content\/uploads\/2016\/04\/custom3-174x174.jpg 174w\" sizes=\"auto, (max-width: 150px) 100vw, 150px\" \/><\/div><a class=\"wp-block-latest-posts__post-title\" href=\"http:\/\/www.toscagiunco.com\/index.php\/2016\/04\/14\/armadio-sottotetto\/\">Armadio sottotetto<\/a><\/li>\n<\/ul>\n\n\n<h1 class=\"wp-block-heading has-text-align-center\" id=\"dovesiamo\" style=\"font-size:43px\"><strong>DOVE SIAMO<\/strong><\/h1>\n\n\n\n<div class=\"wp-block-columns is-layout-flex wp-container-core-columns-is-layout-28f84493 wp-block-columns-is-layout-flex\">\n<div class=\"wp-block-column is-layout-flow wp-block-column-is-layout-flow\"><\/div>\n\n\n\n<div class=\"wp-block-column is-layout-flow wp-block-column-is-layout-flow\">\n<iframe src=\"https:\/\/www.google.com\/maps\/embed?pb=!1m18!1m12!1m3!1d59365.36619543758!2d11.051592182322787!3d43.88864345933952!2m3!1f0!2f0!3f0!3m2!1i1024!2i768!4f13.1!3m3!1m2!1s0x132af5cbdecd6915%3A0x8d72eebfdcb871bc!2sTosca%20Giunco%20Di%20Fabozzi%20Alberto%20E%20Filippo%20Snc!5e1!3m2!1sit!2sit!4v1764697159689!5m2!1sit!2sit\" width=\"600\" height=\"450\" style=\"border:0;\" allowfullscreen=\"\" loading=\"lazy\" referrerpolicy=\"no-referrer-when-downgrade\"><\/iframe>\n<\/div>\n\n\n\n<div class=\"wp-block-column is-layout-flow wp-block-column-is-layout-flow\"><\/div>\n<\/div>\n\n\n\n<p><\/p>\n","protected":false},"excerpt":{"rendered":"<p>LE PROPOSTE Ci\u00f2 che rende unico il nostro lavoro CHI SIAMO dalle origini a oggi Il sogno di Vincenzo e [&hellip;]<\/p>\n","protected":false},"author":1,"featured_media":0,"parent":0,"menu_order":0,"comment_status":"closed","ping_status":"closed","template":"","meta":{"site-sidebar-layout":"default","site-content-layout":"","ast-site-content-layout":"default","site-content-style":"default","site-sidebar-style":"default","ast-global-header-display":"","ast-banner-title-visibility":"","ast-main-header-display":"","ast-hfb-above-header-display":"","ast-hfb-below-header-display":"","ast-hfb-mobile-header-display":"","site-post-title":"","ast-breadcrumbs-content":"","ast-featured-img":"","footer-sml-layout":"","ast-disable-related-posts":"","theme-transparent-header-meta":"","adv-header-id-meta":"","stick-header-meta":"","header-above-stick-meta":"","header-main-stick-meta":"","header-below-stick-meta":"","astra-migrate-meta-layouts":"default","ast-page-background-enabled":"default","ast-page-background-meta":{"desktop":{"background-color":"var(--ast-global-color-5)","background-image":"","background-repeat":"repeat","background-position":"center center","background-size":"auto","background-attachment":"scroll","background-type":"","background-media":"","overlay-type":"","overlay-color":"","overlay-opacity":"","overlay-gradient":""},"tablet":{"background-color":"","background-image":"","background-repeat":"repeat","background-position":"center center","background-size":"auto","background-attachment":"scroll","background-type":"","background-media":"","overlay-type":"","overlay-color":"","overlay-opacity":"","overlay-gradient":""},"mobile":{"background-color":"","background-image":"","background-repeat":"repeat","background-position":"center center","background-size":"auto","background-attachment":"scroll","background-type":"","background-media":"","overlay-type":"","overlay-color":"","overlay-opacity":"","overlay-gradient":""}},"ast-content-background-meta":{"desktop":{"background-color":"var(--ast-global-color-4)","background-image":"","background-repeat":"repeat","background-position":"center center","background-size":"auto","background-attachment":"scroll","background-type":"","background-media":"","overlay-type":"","overlay-color":"","overlay-opacity":"","overlay-gradient":""},"tablet":{"background-color":"var(--ast-global-color-4)","background-image":"","background-repeat":"repeat","background-position":"center center","background-size":"auto","background-attachment":"scroll","background-type":"","background-media":"","overlay-type":"","overlay-color":"","overlay-opacity":"","overlay-gradient":""},"mobile":{"background-color":"var(--ast-global-color-4)","background-image":"","background-repeat":"repeat","background-position":"center center","background-size":"auto","background-attachment":"scroll","background-type":"","background-media":"","overlay-type":"","overlay-color":"","overlay-opacity":"","overlay-gradient":""}},"footnotes":""},"class_list":["post-344","page","type-page","status-publish","hentry"],"_links":{"self":[{"href":"http:\/\/www.toscagiunco.com\/index.php\/wp-json\/wp\/v2\/pages\/344","targetHints":{"allow":["GET"]}}],"collection":[{"href":"http:\/\/www.toscagiunco.com\/index.php\/wp-json\/wp\/v2\/pages"}],"about":[{"href":"http:\/\/www.toscagiunco.com\/index.php\/wp-json\/wp\/v2\/types\/page"}],"author":[{"embeddable":true,"href":"http:\/\/www.toscagiunco.com\/index.php\/wp-json\/wp\/v2\/users\/1"}],"replies":[{"embeddable":true,"href":"http:\/\/www.toscagiunco.com\/index.php\/wp-json\/wp\/v2\/comments?post=344"}],"version-history":[{"count":37,"href":"http:\/\/www.toscagiunco.com\/index.php\/wp-json\/wp\/v2\/pages\/344\/revisions"}],"predecessor-version":[{"id":427,"href":"http:\/\/www.toscagiunco.com\/index.php\/wp-json\/wp\/v2\/pages\/344\/revisions\/427"}],"wp:attachment":[{"href":"http:\/\/www.toscagiunco.com\/index.php\/wp-json\/wp\/v2\/media?parent=344"}],"curies":[{"name":"wp","href":"https:\/\/api.w.org\/{rel}","templated":true}]}}